{"id":1958,"date":"2020-06-07T11:07:59","date_gmt":"2020-06-07T11:07:59","guid":{"rendered":"http:\/\/sickle-and-veil.net\/?page_id=1958"},"modified":"2020-10-01T12:17:30","modified_gmt":"2020-10-01T12:17:30","slug":"autumn-2020-workshop","status":"publish","type":"page","link":"https:\/\/sickle-and-veil.net\/index.php\/autumn-2020-workshop\/","title":{"rendered":"Autumn 2020 Workshop"},"content":{"rendered":"\r\n<p>Please register for the event here: <strong><a href=\"https:\/\/cesnet.zoom.us\/meeting\/register\/tJwvcOigrDMjHtZk9WajO79aZ2M417rHEYAU\">Registration<\/a><\/strong><\/p>\r\n\r\n\r\n\r\n<p>Charles University, Prague<\/p>\r\n<p><strong>27 October 2020<\/strong><\/p>\r\n<p align=\"left\"><span style=\"font-size: medium;\">Zoom link: <a href=\"https:\/\/cesnet.zoom.us\/meeting\/register\/tJwvcOigrDMjHtZk9WajO79aZ2M417rHEYAU\">here<\/a><br \/><\/span><\/p>\r\n\r\n\r\n\r\n<p class=\"has-text-align-center\" style=\"text-align: center;\">Programme<\/p>\r\n\r\n\r\n\r\n<figure class=\"wp-block-table\">\r\n<table>\r\n<tbody>\r\n<tr>\r\n<td>11-12<\/td>\r\n<td style=\"text-align: left;\">\r\n<p><strong>Academic Writing and Resources<\/strong><\/p>\r\n<p class=\"western\">Andrew Hodges, PhD<br \/>Academic Editor, <a href=\"https:\/\/andrewjohnhodges.com\/\">andrewjohnhodges.com<\/a><\/p>\r\n<\/td>\r\n<\/tr>\r\n<tr>\r\n<td>12<\/td>\r\n<td style=\"text-align: left;\">Lunch Break<\/td>\r\n<\/tr>\r\n<tr>\r\n<td>13-14<\/td>\r\n<td style=\"text-align: left;\">\r\n<p><strong>Sickle and Veil: Communist Gender Policies Towards Muslim Minorities in Eastern Europe<\/strong><\/p>\r\n<p>Ivan Simic, PhD <br \/>Charles University, Prague<\/p>\r\n<\/td>\r\n<\/tr>\r\n<tr>\r\n<td>14-15<\/td>\r\n<td style=\"text-align: left;\">\r\n<p><strong>Early Soviet Project of Emancipation of Minority Women and its Contradictions<\/strong><\/p>\r\n<p>Yulia Gradskova, PhD <br \/>S\u00f6dert\u00f6rn University; Stockholm University<\/p>\r\n<\/td>\r\n<\/tr>\r\n<tr>\r\n<td>15-16<\/td>\r\n<td style=\"text-align: left;\">\r\n<p><strong>Islamic modernist influences on communist gender discourse<\/strong><\/p>\r\n<p>Andreja Mesaric, PhD <br \/>Charles University, Prague<\/p>\r\n<\/td>\r\n<\/tr>\r\n<tr>\r\n<td>16-17<\/td>\r\n<td style=\"text-align: left;\">\r\n<p>PhD Presentations:<\/p>\r\n<p>Slavka Karakusheva &#8211; <strong>Entangled Histories of Population Politics: Migrations of the Turks from Bulgaria to Turkey<\/strong><br \/>Dajana Vasiljevi\u0107ov\u00e1 &#8211; <strong>Act accordingly as a true Croatian: heroines of Jagoda Truhelka and Marija Juric Zagorka novels reflecting on societal norms<\/strong><br \/>Radomyr Mokryk &#8211; <strong>The Sixtiers and cultural colonialism in Soviet Ukraine during the Khrushchev Thaw (1956-1964)<\/strong><\/p>\r\n<\/td>\r\n<\/tr>\r\n<\/tbody>\r\n<\/table>\r\n<\/figure>\r\n","protected":false},"excerpt":{"rendered":"<p>Please register for the event here: Registration Charles University, Prague 27 October 2020 Zoom link: here Programme 11-12 Academic Writing and Resources Andrew Hodges, PhDAcademic Editor, andrewjohnhodges.com 12 Lunch Break 13-14 Sickle and Veil: Communist Gender Policies Towards Muslim Minorities in Eastern Europe Ivan Simic, PhD Charles University, Prague 14-15 Early Soviet Project of Emancipation [&hellip;]<\/p>\n","protected":false},"author":1,"featured_media":1999,"parent":0,"menu_order":0,"comment_status":"closed","ping_status":"closed","template":"","meta":{"footnotes":""},"class_list":["post-1958","page","type-page","status-publish","has-post-thumbnail","hentry","entry","has-media"],"yoast_head":"<!-- This site is optimized with the Yoast SEO plugin v27.3 - https:\/\/yoast.com\/product\/yoast-seo-wordpress\/ -->\n<title>Autumn 2020 Workshop - Sickle and Veil<\/title>\n<meta name=\"robots\" content=\"index, follow, max-snippet:-1, max-image-preview:large, max-video-preview:-1\" \/>\n<link rel=\"canonical\" href=\"https:\/\/sickle-and-veil.net\/index.php\/autumn-2020-workshop\/\" \/>\n<meta property=\"og:locale\" content=\"en_US\" \/>\n<meta property=\"og:type\" content=\"article\" \/>\n<meta property=\"og:title\" content=\"Autumn 2020 Workshop - Sickle and Veil\" \/>\n<meta property=\"og:description\" content=\"Please register for the event here: Registration Charles University, Prague 27 October 2020 Zoom link: here Programme 11-12 Academic Writing and Resources Andrew Hodges, PhDAcademic Editor, andrewjohnhodges.com 12 Lunch Break 13-14 Sickle and Veil: Communist Gender Policies Towards Muslim Minorities in Eastern Europe Ivan Simic, PhD Charles University, Prague 14-15 Early Soviet Project of Emancipation [&hellip;]\" \/>\n<meta property=\"og:url\" content=\"https:\/\/sickle-and-veil.net\/index.php\/autumn-2020-workshop\/\" \/>\n<meta property=\"og:site_name\" content=\"Sickle and Veil\" \/>\n<meta property=\"article:modified_time\" content=\"2020-10-01T12:17:30+00:00\" \/>\n<meta property=\"og:image\" content=\"https:\/\/sickle-and-veil.net\/wp-content\/uploads\/2020\/07\/800px-Praha_Star\u00e9_M\u011bsto_N\u00e1m\u011bst\u00ed_Jana_Palacha_FF_UK_01.jpg\" \/>\n\t<meta property=\"og:image:width\" content=\"800\" \/>\n\t<meta property=\"og:image:height\" content=\"600\" \/>\n\t<meta property=\"og:image:type\" content=\"image\/jpeg\" \/>\n<meta name=\"twitter:card\" content=\"summary_large_image\" \/>\n<meta name=\"twitter:label1\" content=\"Est. reading time\" \/>\n\t<meta name=\"twitter:data1\" content=\"1 minute\" \/>\n<script type=\"application\/ld+json\" class=\"yoast-schema-graph\">{\"@context\":\"https:\\\/\\\/schema.org\",\"@graph\":[{\"@type\":\"WebPage\",\"@id\":\"https:\\\/\\\/sickle-and-veil.net\\\/index.php\\\/autumn-2020-workshop\\\/\",\"url\":\"https:\\\/\\\/sickle-and-veil.net\\\/index.php\\\/autumn-2020-workshop\\\/\",\"name\":\"Autumn 2020 Workshop - Sickle and Veil\",\"isPartOf\":{\"@id\":\"https:\\\/\\\/sickle-and-veil.net\\\/#website\"},\"primaryImageOfPage\":{\"@id\":\"https:\\\/\\\/sickle-and-veil.net\\\/index.php\\\/autumn-2020-workshop\\\/#primaryimage\"},\"image\":{\"@id\":\"https:\\\/\\\/sickle-and-veil.net\\\/index.php\\\/autumn-2020-workshop\\\/#primaryimage\"},\"thumbnailUrl\":\"https:\\\/\\\/sickle-and-veil.net\\\/wp-content\\\/uploads\\\/2020\\\/07\\\/800px-Praha_Star\u00e9_M\u011bsto_N\u00e1m\u011bst\u00ed_Jana_Palacha_FF_UK_01.jpg\",\"datePublished\":\"2020-06-07T11:07:59+00:00\",\"dateModified\":\"2020-10-01T12:17:30+00:00\",\"breadcrumb\":{\"@id\":\"https:\\\/\\\/sickle-and-veil.net\\\/index.php\\\/autumn-2020-workshop\\\/#breadcrumb\"},\"inLanguage\":\"en-US\",\"potentialAction\":[{\"@type\":\"ReadAction\",\"target\":[\"https:\\\/\\\/sickle-and-veil.net\\\/index.php\\\/autumn-2020-workshop\\\/\"]}]},{\"@type\":\"ImageObject\",\"inLanguage\":\"en-US\",\"@id\":\"https:\\\/\\\/sickle-and-veil.net\\\/index.php\\\/autumn-2020-workshop\\\/#primaryimage\",\"url\":\"https:\\\/\\\/sickle-and-veil.net\\\/wp-content\\\/uploads\\\/2020\\\/07\\\/800px-Praha_Star\u00e9_M\u011bsto_N\u00e1m\u011bst\u00ed_Jana_Palacha_FF_UK_01.jpg\",\"contentUrl\":\"https:\\\/\\\/sickle-and-veil.net\\\/wp-content\\\/uploads\\\/2020\\\/07\\\/800px-Praha_Star\u00e9_M\u011bsto_N\u00e1m\u011bst\u00ed_Jana_Palacha_FF_UK_01.jpg\",\"width\":800,\"height\":600},{\"@type\":\"BreadcrumbList\",\"@id\":\"https:\\\/\\\/sickle-and-veil.net\\\/index.php\\\/autumn-2020-workshop\\\/#breadcrumb\",\"itemListElement\":[{\"@type\":\"ListItem\",\"position\":1,\"name\":\"Home\",\"item\":\"https:\\\/\\\/sickle-and-veil.net\\\/\"},{\"@type\":\"ListItem\",\"position\":2,\"name\":\"Autumn 2020 Workshop\"}]},{\"@type\":\"WebSite\",\"@id\":\"https:\\\/\\\/sickle-and-veil.net\\\/#website\",\"url\":\"https:\\\/\\\/sickle-and-veil.net\\\/\",\"name\":\"Sickle and Veil\",\"description\":\"Communist Gender Policies Towards Muslim Minorities in Eastern Europe\",\"potentialAction\":[{\"@type\":\"SearchAction\",\"target\":{\"@type\":\"EntryPoint\",\"urlTemplate\":\"https:\\\/\\\/sickle-and-veil.net\\\/?s={search_term_string}\"},\"query-input\":{\"@type\":\"PropertyValueSpecification\",\"valueRequired\":true,\"valueName\":\"search_term_string\"}}],\"inLanguage\":\"en-US\"}]}<\/script>\n<!-- \/ Yoast SEO plugin. -->","yoast_head_json":{"title":"Autumn 2020 Workshop - Sickle and Veil","robots":{"index":"index","follow":"follow","max-snippet":"max-snippet:-1","max-image-preview":"max-image-preview:large","max-video-preview":"max-video-preview:-1"},"canonical":"https:\/\/sickle-and-veil.net\/index.php\/autumn-2020-workshop\/","og_locale":"en_US","og_type":"article","og_title":"Autumn 2020 Workshop - Sickle and Veil","og_description":"Please register for the event here: Registration Charles University, Prague 27 October 2020 Zoom link: here Programme 11-12 Academic Writing and Resources Andrew Hodges, PhDAcademic Editor, andrewjohnhodges.com 12 Lunch Break 13-14 Sickle and Veil: Communist Gender Policies Towards Muslim Minorities in Eastern Europe Ivan Simic, PhD Charles University, Prague 14-15 Early Soviet Project of Emancipation [&hellip;]","og_url":"https:\/\/sickle-and-veil.net\/index.php\/autumn-2020-workshop\/","og_site_name":"Sickle and Veil","article_modified_time":"2020-10-01T12:17:30+00:00","og_image":[{"width":800,"height":600,"url":"https:\/\/sickle-and-veil.net\/wp-content\/uploads\/2020\/07\/800px-Praha_Star\u00e9_M\u011bsto_N\u00e1m\u011bst\u00ed_Jana_Palacha_FF_UK_01.jpg","type":"image\/jpeg"}],"twitter_card":"summary_large_image","twitter_misc":{"Est. reading time":"1 minute"},"schema":{"@context":"https:\/\/schema.org","@graph":[{"@type":"WebPage","@id":"https:\/\/sickle-and-veil.net\/index.php\/autumn-2020-workshop\/","url":"https:\/\/sickle-and-veil.net\/index.php\/autumn-2020-workshop\/","name":"Autumn 2020 Workshop - Sickle and Veil","isPartOf":{"@id":"https:\/\/sickle-and-veil.net\/#website"},"primaryImageOfPage":{"@id":"https:\/\/sickle-and-veil.net\/index.php\/autumn-2020-workshop\/#primaryimage"},"image":{"@id":"https:\/\/sickle-and-veil.net\/index.php\/autumn-2020-workshop\/#primaryimage"},"thumbnailUrl":"https:\/\/sickle-and-veil.net\/wp-content\/uploads\/2020\/07\/800px-Praha_Star\u00e9_M\u011bsto_N\u00e1m\u011bst\u00ed_Jana_Palacha_FF_UK_01.jpg","datePublished":"2020-06-07T11:07:59+00:00","dateModified":"2020-10-01T12:17:30+00:00","breadcrumb":{"@id":"https:\/\/sickle-and-veil.net\/index.php\/autumn-2020-workshop\/#breadcrumb"},"inLanguage":"en-US","potentialAction":[{"@type":"ReadAction","target":["https:\/\/sickle-and-veil.net\/index.php\/autumn-2020-workshop\/"]}]},{"@type":"ImageObject","inLanguage":"en-US","@id":"https:\/\/sickle-and-veil.net\/index.php\/autumn-2020-workshop\/#primaryimage","url":"https:\/\/sickle-and-veil.net\/wp-content\/uploads\/2020\/07\/800px-Praha_Star\u00e9_M\u011bsto_N\u00e1m\u011bst\u00ed_Jana_Palacha_FF_UK_01.jpg","contentUrl":"https:\/\/sickle-and-veil.net\/wp-content\/uploads\/2020\/07\/800px-Praha_Star\u00e9_M\u011bsto_N\u00e1m\u011bst\u00ed_Jana_Palacha_FF_UK_01.jpg","width":800,"height":600},{"@type":"BreadcrumbList","@id":"https:\/\/sickle-and-veil.net\/index.php\/autumn-2020-workshop\/#breadcrumb","itemListElement":[{"@type":"ListItem","position":1,"name":"Home","item":"https:\/\/sickle-and-veil.net\/"},{"@type":"ListItem","position":2,"name":"Autumn 2020 Workshop"}]},{"@type":"WebSite","@id":"https:\/\/sickle-and-veil.net\/#website","url":"https:\/\/sickle-and-veil.net\/","name":"Sickle and Veil","description":"Communist Gender Policies Towards Muslim Minorities in Eastern Europe","potentialAction":[{"@type":"SearchAction","target":{"@type":"EntryPoint","urlTemplate":"https:\/\/sickle-and-veil.net\/?s={search_term_string}"},"query-input":{"@type":"PropertyValueSpecification","valueRequired":true,"valueName":"search_term_string"}}],"inLanguage":"en-US"}]}},"_links":{"self":[{"href":"https:\/\/sickle-and-veil.net\/index.php\/wp-json\/wp\/v2\/pages\/1958","targetHints":{"allow":["GET"]}}],"collection":[{"href":"https:\/\/sickle-and-veil.net\/index.php\/wp-json\/wp\/v2\/pages"}],"about":[{"href":"https:\/\/sickle-and-veil.net\/index.php\/wp-json\/wp\/v2\/types\/page"}],"author":[{"embeddable":true,"href":"https:\/\/sickle-and-veil.net\/index.php\/wp-json\/wp\/v2\/users\/1"}],"replies":[{"embeddable":true,"href":"https:\/\/sickle-and-veil.net\/index.php\/wp-json\/wp\/v2\/comments?post=1958"}],"version-history":[{"count":17,"href":"https:\/\/sickle-and-veil.net\/index.php\/wp-json\/wp\/v2\/pages\/1958\/revisions"}],"predecessor-version":[{"id":2034,"href":"https:\/\/sickle-and-veil.net\/index.php\/wp-json\/wp\/v2\/pages\/1958\/revisions\/2034"}],"wp:featuredmedia":[{"embeddable":true,"href":"https:\/\/sickle-and-veil.net\/index.php\/wp-json\/wp\/v2\/media\/1999"}],"wp:attachment":[{"href":"https:\/\/sickle-and-veil.net\/index.php\/wp-json\/wp\/v2\/media?parent=1958"}],"curies":[{"name":"wp","href":"https:\/\/api.w.org\/{rel}","templated":true}]}}